 11, what is 4 - 27a30?
-27a27
In base 6, what is 315 - -3215?
3534
In base 11, what is 20012 + 1?
20013
In base 13, what is 977 - -2a?
9a4
In base 2, what is 1 - -1100000000111?
1100000001000
In base 16, what is 45f21 + -3?
45f1e
In base 15, what is -1963d - -5?
-19638
In base 8, what is 21167 - -4?
21173
In base 14, what is -ba7b4 + 4?
-ba7b0
In base 6, what is -15054 + 0?
-15054
In base 16, what is 3 - af5?
-af2
In base 6, what is -30040 - -1403?
-24233
In base 8, what is -6045 - 67?
-6134
In base 12, what is 5 + -326115?
-326110
In base 4, what is -2122000002 + -2?
-2122000010
In base 8, what is -35 + 370524?
370467
In base 12, what is 10 - 8b556?
-8b546
In base 14, what is 1538 + -10c?
142a
In base 7, what is -5 + 1112312?
1112304
In base 6, what is -250 + 1030?
340
In base 9, what is -105008 - -3?
-105005
In base 2, what is -100 - 101000111111001011100?
-101000111111001100000
In base 14, what is -1227c + 8?
-12274
In base 7, what is -561 - -20500?
16606
In base 2, what is 1100100 - 1110101011?
-1101000111
In base 11, what is 1a269 + -29?
1a240
In base 6, what is -1 + -5322505?
-5322510
In base 13, what is 38 + -a38?
-a00
In base 3, what is -122 - -2201020?
2200121
In base 3, what is -1022 + 1002010?
1000211
In base 14, what is 5 - -7a9b?
7aa2
In base 14, what is -12 + -c019?
-c02b
In base 16, what is 3 - 258af?
-258ac
In base 3, what is 100202020110 + 11?
100202020121
In base 11, what is -9 + -4750a?
-47518
In base 14, what is 20 - -d61?
d81
In base 9, what is 117531 - 2?
117528
In base 13, what is -12a + 1bc?
92
In base 13, what is -3b406 - -5?
-3b401
In base 3, what is 1120122 + -11?
1120111
In base 9, what is 861 + 711?
1672
In base 13, what is 530 + -17?
516
In base 16, what is -58 + -78fd?
-7955
In base 12, what is 1 + -5400?
-53bb
In base 3, what is -110020111021 - -100?
-110020110221
In base 12, what is -1 - 526718?
-526719
In base 13, what is -7067 - 1?
-7068
In base 10, what is 4 + -415610?
-415606
In base 11, what is 44199a3 + 3?
44199a6
In base 11, what is -6 - -47aa0?
47a95
In base 9, what is 1030851 + 0?
1030851
In base 7, what is 3 - -45002?
45005
In base 4, what is 22021222 + -3?
22021213
In base 2, what is -101 - -10000101000010?
10000100111101
In base 5, what is -3 + 141120?
141112
In base 4, what is 1330230112 - -31?
1330230203
In base 14, what is 374 - -1446?
17ba
In base 3, what is -2112001012110 + -10?
-2112001012120
In base 4, what is 21322 - -10003?
31331
In base 8, what is -27 + -25076?
-25125
In base 7, what is 16656 - -6?
16665
In base 5, what is -2144211 - -11?
-2144200
In base 15, what is 1dc + 334?
521
In base 6, what is 3 + 310453?
310500
In base 2, what is 11 - 110000000010111111?
-110000000010111100
In base 15, what is -1a + a0b4?
a099
In base 10, what is 2 + 239258?
239260
In base 9, what is -3 - 328222?
-328225
In base 12, what is 3a406 + 4?
3a40a
In base 10, what is 61608 + -1?
61607
In base 11, what is 94aa + -136?
9374
In base 11, what is 2399 - 215?
2184
In base 4, what is 32211 - -23311?
122122
In base 15, what is 4249 + 0?
4249
In base 7, what is -2342 + 211?
-2131
In base 14, what is -42a2 + -10?
-42b2
In base 7, what is 14 - 105434?
-105420
In base 12, what is -1421155 + 2?
-1421153
In base 4, what is -12 + -2110123?
-2110201
In base 11, what is -3321 - -3?
-3319
In base 13, what is -229 - -c?
-21a
In base 7, what is -23023 + 551?
-22142
In base 14, what is 172 - 11a9?
-1037
In base 15, what is -1 + 37b78?
37b77
In base 15, what is -155ad2 - 4?
-155ad6
In base 2, what is -111111 + -100010000110?
-100011000101
In base 16, what is -4a43e + -4?
-4a442
In base 8, what is -4230 - 330?
-4560
In base 14, what is -861 + -4?
-865
In base 4, what is -10 - -3300131?
3300121
In base 6, what is 110004 - 0?
110004
In base 6, what is -531 - 2345?
-3320
In base 11, what is 1 + -17908?
-17907
In base 10, what is -98 - -12289?
12191
In base 11, what is -6a70a + -4?
-6a713
In base 13, what is 3a2 - 12?
390
In base 2, what is 11 - -1110111101100010?
1110111101100101
In base 12, what is -8b38 + 1?
-8b37
In base 6, what is 2201 - -22?
2223
In base 9, what is 5 + -683338?
-683333
In base 6, what is 0 + 534215?
534215
In base 14, what is -a32a + 1?
-a329
In base 7, what is 4 + 45340?
45344
In base 4, what is -1130230332 - 2?
-1130231000
In base 14, what is 33c805 + -5?
33c800
In base 7, what is 5 - -63600?
63605
In base 13, what is -8 + -3b34?
-3b3c
In base 11, what is 9973a2 - 3?
99739a
In base 3, what is -2111 + 20?
-2021
In base 8, what is -54560 - 162?
-54742
In base 16, what is -60 + -d026?
-d086
In base 2, what is 1110110011 + -1000001110011?
-110011000000
In base 11, what is 9 + 729?
737
In base 15, what is 1 + 154646?
154647
In base 13, what is 2 - -79b8?
79ba
In base 10, what is -2 + -767484?
-767486
In base 5, what is -31 - -101413?
101332
In base 8, what is -3 + -2505242?
-2505245
In base 3, what is 201002200 - -12?
201002212
In base 14, what is 1 + c378?
c379
In base 4, what is -10 + -1321311?
-1321321
In base 11, what is -222 + -26?
-248
In base 4, what is 1011122 + -233?
1010223
In base 12, what is 6 - -870?
876
In base 15, what is -129a4 + 1?
-129a3
In base 8, what is -1050 - 174?
-1244
In base 9, what is 3 + -68457?
-68454
In base 13, what is 349 + -98a?
-641
In base 6, what is -333 + 1035?
302
In base 3, what is -2202 + -1022112022?
-1022122001
In base 7, what is 23524422 + 3?
23524425
In base 9, what is -46255 + 5?
-46250
In base 8, what is 47 - 127717?
-127650
In base 13, what is 6b577 - 0?
6b577
In base 12, what is 3 + 563a?
5641
In base 4, what is -23301212 - 210?
-23302022
In base 13, what is -ba + 63?
-57
In base 13, what is 5 - -7a06?
7a0b
In base 10, what is 18765 + -56?
18709
In base 13, what is -2 + 1604b3?
1604b1
In base 11, what is -2a77 - 100?
-3077
In base 9, what is 1701727 + 4?
1701732
In base 14, what is -79bc - 4?
-79c2
In base 10, what is -2 - 25603?
-25605
In base 4, what is 2311003 - 11?
2310332
In base 7, what is -1 - -11230?
11226
In base 2, what is 101 + 11111000001101011?
11111000001110000
In base 2, what is -10000001000101 - -11111?
-10000000100110
In base 10, what is 16 + -1819?
-1803
In base 5, what is -402 - -3202243?
3201341
In base 6, what is 1 - 532530?
-532525
In base 15, what is 3db6 + -3d?
3d78
In base 7, what is -4464114 + 1?
-4464113
In base 9, what is 441 + 206?
647
In base 5, what is -214 - 120?
-334
In base 7, what is 4 + 324?
331
In base 9, what is -10236 - -2?
-10234
In base 16, what is 1c9 + -27f?
-b6
In base 8, what is -2 - 6433?
-6435
In base 8, what is -1 + 73206?
73205
In base 10, what is -1752 - 38?
-1790
In base 6, what is 10 - -1151405?
1151415
In base 8, what is 0 - -144672?
144672
In base 8, what is -261310 + 3?
-261305
In base 3, what is 11002 - 12122?
-1120
In base 4, what is -3 - 1102010202?
-1102010211
In base 5, what is -1 - 323344?
-323400
In base 4, what is 1033233220 - 1?
1033233213
In base 8, what is 13 - -23?
36
In base 5, what is -11130 + -2121?
-13301
In base 6, what is -12311 - 1022?
-13333
In base 7, what is -411 + 5560?
5146
In base 6, what is 412 - -340?
1152
In base 3, what is -2 + 221222011002?
221222011000
In base 6, what is -3240 - -1112?
-2124
In base 16, what is -4 - 3163f?
-31643
In base 6, what is -15503 + -10?
-15513
In base 3, what is 1100 - 20212222?
-20211122
In base 9, what is -4 - 15141?
-15145
In base 9, what is -184568 + 5?
-184563
In base 3, what is -1022200100220 - 1?
-1022200100221
In base 3, what is -12200000 - -10?
-12122220
In base 6, what is 1034450 + -2?
1034444
In base 13, what is -a091 - 10?
-a0a1
In base 8, what is -4017 - 17?
-4036
In base 16, what is 6 - 9c6?
-9c0
In base 13, what is 2737 + 10?
2747
In base 16, what is 3a13d - -2?
3a13f
In base 10, what is -5 + -16054?
-16059
In base 16, what is 37e + -82?
2fc
In base 4, what is 1123231111 + 11?
1123231122
In base 7, what is -5 - 1462?
-1500
In base 15, what is 1ba402 - 2?
1ba400
In base 5, what is -124032000 + 1?
-124031444
In base 11, what is -22116 + -53?
-22169
In base 2, what is -1110111111000111 - -111?
-1110111111000000
In base 10, what is -117937 + 2?
-117935
In base 15, what is -e + 360?
351
In base 6, what is 4040414 + 10?
4040424
In base 9, what is -164217 + -4?
-164222
In base 15, what is -10 - -46dd?
46cd
In base 16, what is 3dac69 + -3?
3d